 = -a(z) - 3*r(z). Let n be u(7). What is the highest common factor of 62 and n?
31
Let l(n) = 107*n**2 - 28*n - 327. Let r be l(-7). Calculate the highest common divisor of r and 144.
72
Let l = 4739 + 1878. Calculate the greatest common factor of l and 13.
13
Let f(u) = 11*u - 19*u + 32*u - 10. Let p be f(2). Calculate the greatest common factor of 2 and p.
2
Let d = 292 - 304. Let w(s) = -105*s + 294. Let u be w(d). What is the highest common divisor of u and 42?
42
Let c = -5035 - -5056. What is the highest common divisor of c and 105?
21
Let g = -128 + -246. Let y = g + 706. What is the greatest common factor of 4 and y?
4
Let c be 12 - (1296/(-1944) + (16/6)/(-2)). Let m be -1 + 1 - (0 - 14). What is the greatest common divisor of m and c?
14
Suppose 18*d = 186434 + 352. Calculate the highest common divisor of 9 and d.
9
Let g = -177 - -305. Let t = g + -103. Calculate the highest common divisor of t and 325.
25
Let h = 50 + -30. What is the highest common factor of 170 and h?
10
Let y(i) = 9*i + 97. Let f be y(-11). Let d(l) = l + 12. Let a be d(f). What is the highest common divisor of a and 25?
5
Suppose 13*r + 353 = 15*r - 5*z, 3*r = 2*z + 557. Calculate the highest common divisor of 81 and r.
27
Let g(l) = 693*l + 124. Let m be g(13). Suppose -18*p = -3539 - m. Calculate the highest common factor of p and 44.
44
Let l be 20/(-430) + (3 - 3448/(-172)). Let g(u) = 52*u**2 + 2*u - 2. Let t be g(-3). Suppose 0 = -6*z + 2*z + t. What is the highest common factor of l and z?
23
Let b = -615 - -191. Let v = 429 + b. What is the greatest common factor of 25 and v?
5
Let b(a) = 292*a + 2630. Let r be b(-8). Calculate the greatest common factor of 3969 and r.
147
Let a(v) = 63*v**2 + 2*v - 107. Let x be a(12). What is the greatest common divisor of 101 and x?
101
Suppose 2*u + 44 = 6*u. Let r be (-704)/121 + (-2)/u. Let a be ((-3)/r - 0)*20. What is the highest common divisor of a and 4?
2
Suppose 4*t + 121 = -47. Let n = -23 + t. Let v = n + 121. What is the highest common divisor of 16 and v?
8
Let t = 10157 - 10149. What is the highest common factor of t and 1096?
8
Let b = 91 - 59. Let f = -1150 + 1502. What is the greatest common factor of b and f?
32
Let w be (-22)/(-99) + -1454*(-2)/36. Let j = 65 - w. Let l = j + 41. What is the greatest common divisor of l and 5?
5
Let i = -2061 - -1229. Let g be -3*(i/6 - 1). Let s be 8/64*2 + g/4. Calculate the highest common divisor of s and 42.
21
Let i(d) = -d**3 + 29*d**2 - 31*d + 425. Let t be i(26). Calculate the highest common factor of t and 915.
183
Let c = 3 + -6. Let z(p) = -2 - 25584*p + p**2 + 25587*p + 2*p**2 - 2. Let h be z(c). Calculate the greatest common divisor of 14 and h.
14
Let o = -16 + 27. Let w(d) = 112*d**2 - 146*d + 144. Let c be w(1). Calculate the greatest common divisor of o and c.
11
Let x(t) = t**3 + 204*t**2 + 403*t + 18. Let o be x(-202). Calculate the greatest common divisor of 740 and o.
20
Let c = -347 + 344. Let p be -16 + 12 + (-24)/c. Calculate the greatest common divisor of 11 and p.
1
Let w(b) = -21*b**2 + 2*b + 10. Let u be w(-3). Let l = 262 + u. Calculate the highest common divisor of l and 21.
7
Let h = 66 - 64. Suppose -7*x + 5*x = -h*c - 90, 99 = 2*x + c. Let f(a) = -2*a**2 + 2*a + 32. Let q be f(0). Calculate the highest common divisor of q and x.
16
Suppose 88 + 82 = 5*h. Suppose 43*i = -44*i + 957. Let j = i + h. Calculate the highest common divisor of j and 45.
45
Let g = 1358 - 897. Suppose -239 = -4*b + g. Calculate the highest common factor of b and 35.
35
Suppose -4*s + 5*r = -3153, 52*s - 3*r - 783 = 51*s. What is the highest common factor of 352 and s?
88
Suppose 3*h - 37 + 115 = 5*j, -2*j + 3*h + 33 = 0. What is the highest common factor of j and 70?
5
Suppose 0 = 5*k + 1 - 11, 0 = -3*w - 5*k + 100. Suppose 11*j - 69 = w. Let p be -30*(24/(-10) - 0). What is the highest common factor of j and p?
9
Suppose -12*m = -16*m. Suppose m = x - 10 + 7. Suppose -45 = x*y - 4*y. What is the greatest common divisor of 18 and y?
9
Let o(y) = -100*y + 1 - 50*y**3 + 101*y - 6*y**3 - 2*y**2. Let m be o(-1). Calculate the highest common divisor of 54 and m.
54
Let w(i) = 2*i - 5. Let d be w(13). Let u = -466 - -473. Calculate the highest common divisor of u and d.
7
Let v = -894 - -1004. What is the greatest common divisor of v and 370?
10
Let z be (77/35)/(49/35035). What is the highest common divisor of z and 65?
13
Suppose -3*n = -10*n. Suppose -z - 12 = -4*h - n*h, 4 = h. Suppose v = -v + z. Calculate the greatest common factor of v and 3.
1
Suppose -59*u + 4179 = 35*u + 419. What is the highest common factor of 4540 and u?
20
Let z = 10 - 7. Suppose 44 + 1 = z*d. Let a = 1457 - 1397. Calculate the greatest common divisor of d and a.
15
Let d(x) = x**2 + 52*x + 435. Let r be d(-9). What is the highest common divisor of r and 25104?
48
Suppose 3*t - 2*r = 6*t - 96, 0 = -r + 3. Let a(m) = 7150*m + 93330. Let l be a(-13). Calculate the highest common divisor of t and l.
10
Let f be 10*(-1)/(-2) - -3. Suppose 10*q = 6*q + f. Suppose 10 = q*t - 34. What is the greatest common divisor of t and 44?
22
Suppose 6366 = 24*d - 1794. Let g be d/(-6)*3/(-2). What is the highest common divisor of 10 and g?
5
Let o = 225 + -211. Suppose 3*c + 2 + 10 = 0. Let k(t) = -2*t**3 - 2*t**2 - t - 2. Let a be k(c). Calculate the highest common divisor of a and o.
14
Let x be (-284)/2*(-4)/(-8) + 1. Let p = x - -116. Calculate the highest common divisor of 115 and p.
23
Let t(z) = 4*z**2 + 110*z + 70. Let m be t(-27). Calculate the highest common factor of m and 25.
1
Suppose -67*z + 223*z = -57*z + 394902. What is the greatest common divisor of 12 and z?
6
Suppose -2*a - w = -3*a + 1, -w - 19 = 5*a. Let h(b) = -6 - 5*b + 0*b + 3*b**2 + b + b**3. Let t be h(a). Calculate the greatest common divisor of t and 18.
6
Let x(f) = 2*f**3 - 11*f**2 + 15*f - 121. Let l be x(6). Calculate the highest common factor of l and 3500.
5
Let v = -20 + 35. Let j be 30*((-42)/(-4) + -7 - 1). What is the greatest common factor of j and v?
15
Let x = 13294 - 13177. What is the highest common factor of 180 and x?
9
Suppose 31*l = 29*l + 610. Let i = l + -203. What is the highest common divisor of i and 6?
6
Let p = -59 - -47. Let w be 0 + (-6)/p - 1/(-2). Suppose 3*t = w + 26. What is the highest common factor of 9 and t?
9
Suppose -5*c + 6270 = -8145. Suppose 7*w - c = 197. What is the highest common divisor of w and 55?
55
Suppose 0*h + 5*h - 275 = -5*d, 2*h - 125 = d. Let f = h + -59. What is the greatest common divisor of f and 18?
1
Let v(z) = 3*z**2 + 118*z - 1044. Let j be v(9). Calculate the greatest common divisor of j and 1073.
29
Suppose -7*p + 18*p - 3377 = 0. Suppose 87 - p = -2*q. Calculate the greatest common divisor of 44 and q.
22
Let v = 41549 + -41535. What is the highest common factor of 28154 and v?
14
Suppose -4 = -4*z, 4*f + 29*z - 24*z - 3921 = 0. What is the greatest common factor of f and 267?
89
Let i(y) = -28*y - 80. Let v be i(-3). Let a = 417 + -289. What is the highest common divisor of a and v?
4
Suppose 3*k + 14*f - 18*f = 23, f = k - 9. Suppose -v = -5*l + 931, -10*l + v - 565 = -k*l. What is the greatest common factor of 17 and l?
17
Suppose -190*y - 36608 = -203*y. What is the greatest common divisor of 88 and y?
88
Let h = -3373 + 3557. What is the highest common factor of 152 and h?
8
Let i(v) = -v**3 - 4*v**2 - 7*v - 4. Let r be i(-4). Let m be (-1028)/(-16) + 20/(-16). Let u = -47 + m. What is the greatest common factor of u and r?
8
Let f = -51291 + 51293. Let u = 0 + 2. Calculate the greatest common factor of u and f.
2
Suppose 4*x - 506 = 26*x. Let g = x - -359. Calculate the greatest common divisor of g and 48.
48
Let p(x) = 4*x - 6. Let d be p(4). Let f = -411 - -454. Suppose -f - 317 = -6*q. What is the greatest common divisor of d and q?
10
Suppose 2204 = 4*k + 4*c, -1161 = -k - 4*c - 613. What is the greatest common factor of 12972 and k?
276
Let f = -523058 - -523088. Let t(s) = s**3 - 6*s**2 + 2*s + 1. Let o be t(6). Suppose -q - 3 = -o. Calculate the greatest common factor of f and q.
10
Suppose -850 - 626 = -6*g - 5*d, 3*g + d = 729. What is the greatest common factor of 1205 and g?
241
Let k = -35 - -7. Let z be 2*7/k*100/(-1). What is the gre